{"id":304,"date":"2017-05-01T12:50:42","date_gmt":"2017-05-01T10:50:42","guid":{"rendered":"http:\/\/localhost\/bandoneon\/?page_id=304"},"modified":"2017-07-05T11:06:14","modified_gmt":"2017-07-05T09:06:14","slug":"anzahl-der-knopfreihen-diskant","status":"publish","type":"page","link":"https:\/\/harmonicalibrary.de\/bandoneon\/?page_id=304","title":{"rendered":"Kn\u00f6pfe auf der Diskantseite"},"content":{"rendered":"<div id=\"pl-304\"  class=\"panel-layout\" ><div id=\"pg-304-0\"  class=\"panel-grid panel-no-style\" ><div id=\"pgc-304-0-0\"  class=\"panel-grid-cell\" ><div id=\"panel-304-0-0-0\" class=\"so-panel widget widget_sow-headline panel-first-child\" data-index=\"0\" ><div\n\t\t\t\n\t\t\tclass=\"so-widget-sow-headline so-widget-sow-headline-default-eb58c90b4a68-304\"\n\t\t\t\n\t\t><div class=\"sow-headline-container \">\n\t<h2 class='sow-headline'>Gleich- oder wechselt\u00f6nig?<\/h2>\t\t\t\t\t<div class=\"decoration\">\n\t\t\t\t\t\t<div class=\"decoration-inside\"><\/div>\n\t\t\t\t\t<\/div>\n\t\t\t\t\t<\/div><\/div><\/div><div id=\"panel-304-0-0-1\" class=\"so-panel widget widget_sow-editor panel-last-child\" data-index=\"1\" ><div\n\t\t\t\n\t\t\tclass=\"so-widget-sow-editor so-widget-sow-editor-base\"\n\t\t\t\n\t\t>\n<div class=\"siteorigin-widget-tinymce textwidget\">\n\t<p>Der Begriff des <strong>Akkordeons<\/strong> ist nicht wirklich eindeutig. Zum einen versteht man heute darunter alle Handzuginstrumente, deren Tastatur auf der Diskant-Seite in abgewinkelter Form angebracht ist, zum anderen wird der Begriff oft f\u00fcr bestimmte Sonderformen gebraucht. Der Begriff <strong>Harmonika<\/strong> wird ebenfalls oft synonym verwendet, manchmal aber auch abgrenzend.<\/p>\n<p>Auf jeden Fall gibt es eine F\u00fclle regionaler Bezeichnungen wie\u00a0Handharmonika, Handklavier, Ziehharmonika, Ziehorgel, Ziach, Diatonische, Handorgel, Riemenorgel, Heimatluftkompressor, Quetschkommode, Quetsch, Schweineorgel, Zugin, Quetscheb\u00fcggel, Quetschn, Zerrwanst, Tretschrank, Schifferklavier oder Maurerklavier.<\/p>\n<p>Ein wichtiges Unterscheidungsmerkmal einzelner Akkordeon-Typen ist die <strong>Gleich<\/strong>- bzw. <strong>Wechselt\u00f6nigkeit<\/strong>.<\/p>\n<p>Kommen bei Aufzug und Zudruck des Balges bei den Tasten immer gleiche T\u00f6ne pro Taste, dann ist das Instrument gleicht\u00f6nig. Gleicht\u00f6nige Instrumente sind in der Regel einfacher zu erlernen, da sich die Tonanordnung \u00a0bei Aufzug und Zudruck nicht \u00e4ndert.<\/p>\n<p>Kommen bei den meisten Tasten jedoch unterschiedliche T\u00f6ne, je nachdem ob man den Balg \u00f6ffnet oder schlie\u00dft, dann ist das Instrument wechselt\u00f6nig. Mit wechselt\u00f6nigen Instrumenten kann man schlichtweg Mechanik einsparen. Mit nur 10 Kn\u00f6pfen kann man 20 T\u00f6ne spielen!<\/p>\n<p>Ein Piano-Akkordeon ist immer gleicht\u00f6nig!<\/p>\n<p>W\u00e4hlen Sie aus, ob Ihr Instrument gleich- oder wechselt\u00f6nig ist.<\/p>\n<\/div>\n<\/div><\/div><\/div><\/div><div id=\"pg-304-1\"  class=\"panel-grid panel-no-style\" ><div id=\"pgc-304-1-0\"  class=\"panel-grid-cell\" ><div id=\"panel-304-1-0-0\" class=\"so-panel widget widget_sow-headline panel-first-child\" data-index=\"2\" ><div\n\t\t\t\n\t\t\tclass=\"so-widget-sow-headline so-widget-sow-headline-default-eb58c90b4a68-304\"\n\t\t\t\n\t\t><div class=\"sow-headline-container \">\n\t<h2 class='sow-headline'>Gleicht\u00f6nig<\/h2>\t\t\t\t\t<div class=\"decoration\">\n\t\t\t\t\t\t<div class=\"decoration-inside\"><\/div>\n\t\t\t\t\t<\/div>\n\t\t\t\t\t<\/div><\/div><\/div><div id=\"panel-304-1-0-1\" class=\"so-panel widget widget_sow-image\" data-index=\"3\" ><div\n\t\t\t\n\t\t\tclass=\"so-widget-sow-image so-widget-sow-image-default-4b231843ec72-304\"\n\t\t\t\n\t\t>\n\n<div class=\"sow-image-container\">\n\t\t\t<a href=\"https:\/\/harmonicalibrary.de\/bandoneon\/?page_id=323\"\n\t\t\t\t\t>\n\t\t\t<img src=\"https:\/\/harmonicalibrary.de\/bandoneon\/wp-content\/uploads\/2017\/05\/garmon_tasten.png\" width=\"742\" height=\"558\" srcset=\"https:\/\/harmonicalibrary.de\/bandoneon\/wp-content\/uploads\/2017\/05\/garmon_tasten.png 742w, https:\/\/harmonicalibrary.de\/bandoneon\/wp-content\/uploads\/2017\/05\/garmon_tasten-300x226.png 300w, https:\/\/harmonicalibrary.de\/bandoneon\/wp-content\/uploads\/2017\/05\/garmon_tasten-359x270.png 359w\" sizes=\"(max-width: 742px) 100vw, 742px\" alt=\"\" loading=\"lazy\" \t\tclass=\"so-widget-image\"\/>\n\t<\/a><\/div>\n\n<\/div><\/div><div id=\"panel-304-1-0-2\" class=\"so-panel widget widget_sow-editor panel-last-child\" data-index=\"4\" ><div\n\t\t\t\n\t\t\tclass=\"so-widget-sow-editor so-widget-sow-editor-base\"\n\t\t\t\n\t\t>\n<div class=\"siteorigin-widget-tinymce textwidget\">\n\t<p style=\"text-align: center;\"><a href=\"https:\/\/harmonicalibrary.de\/bandoneon\/?page_id=323\">Ausw\u00e4hlen<\/a><\/p>\n<\/div>\n<\/div><\/div><\/div><div id=\"pgc-304-1-1\"  class=\"panel-grid-cell\" ><div id=\"panel-304-1-1-0\" class=\"so-panel widget widget_sow-headline panel-first-child\" data-index=\"5\" ><div\n\t\t\t\n\t\t\tclass=\"so-widget-sow-headline so-widget-sow-headline-default-eb58c90b4a68-304\"\n\t\t\t\n\t\t><div class=\"sow-headline-container \">\n\t<h2 class='sow-headline'>Wechselt\u00f6nig<\/h2>\t\t\t\t\t<div class=\"decoration\">\n\t\t\t\t\t\t<div class=\"decoration-inside\"><\/div>\n\t\t\t\t\t<\/div>\n\t\t\t\t\t<\/div><\/div><\/div><div id=\"panel-304-1-1-1\" class=\"so-panel widget widget_sow-image\" data-index=\"6\" ><div\n\t\t\t\n\t\t\tclass=\"so-widget-sow-image so-widget-sow-image-default-4b231843ec72-304\"\n\t\t\t\n\t\t>\n\n<div class=\"sow-image-container\">\n\t\t\t<a href=\"https:\/\/harmonicalibrary.de\/bandoneon\/?page_id=1358\"\n\t\t\t\t\t>\n\t\t\t<img src=\"https:\/\/harmonicalibrary.de\/bandoneon\/wp-content\/uploads\/2017\/05\/diatonisch_HH-1.png\" width=\"1024\" height=\"767\" srcset=\"https:\/\/harmonicalibrary.de\/bandoneon\/wp-content\/uploads\/2017\/05\/diatonisch_HH-1.png 1024w, https:\/\/harmonicalibrary.de\/bandoneon\/wp-content\/uploads\/2017\/05\/diatonisch_HH-1-300x225.png 300w, https:\/\/harmonicalibrary.de\/bandoneon\/wp-content\/uploads\/2017\/05\/diatonisch_HH-1-768x575.png 768w, https:\/\/harmonicalibrary.de\/bandoneon\/wp-content\/uploads\/2017\/05\/diatonisch_HH-1-360x270.png 360w\" sizes=\"(max-width: 1024px) 100vw, 1024px\" title=\"diatonisch_HH\" alt=\"\" loading=\"lazy\" \t\tclass=\"so-widget-image\"\/>\n\t<\/a><\/div>\n\n<\/div><\/div><div id=\"panel-304-1-1-2\" class=\"so-panel widget widget_sow-editor panel-last-child\" data-index=\"7\" ><div\n\t\t\t\n\t\t\tclass=\"so-widget-sow-editor so-widget-sow-editor-base\"\n\t\t\t\n\t\t>\n<div class=\"siteorigin-widget-tinymce textwidget\">\n\t<p style=\"text-align: center;\"><a href=\"https:\/\/harmonicalibrary.de\/bandoneon\/?page_id=1358\">Ausw\u00e4hlen<\/a><\/p>\n<\/div>\n<\/div><\/div><\/div><\/div><\/div>","protected":false},"excerpt":{"rendered":"<p>Der Begriff des Akkordeons ist nicht wirklich eindeutig. Zum einen versteht man heute darunter alle Handzuginstrumente, deren Tastatur auf der Diskant-Seite in abgewinkelter Form angebracht ist, zum anderen wird der Begriff oft f\u00fcr bestimmte Sonderformen gebraucht. Der Begriff Harmonika wird ebenfalls oft synonym verwendet, manchmal aber auch abgrenzend.Auf jeden Fall gibt es eine F\u00fclle regionaler &hellip; <\/p>\n<p class=\"read-more\"><a class=\"btn btn-default\" href=\"https:\/\/harmonicalibrary.de\/bandoneon\/?page_id=304\"> Read More<span class=\"screen-reader-text\">  Read More<\/span><\/a><\/p>\n","protected":false},"author":1,"featured_media":0,"parent":1211,"menu_order":0,"comment_status":"closed","ping_status":"closed","template":"","meta":[],"aioseo_notices":[],"_links":{"self":[{"href":"https:\/\/harmonicalibrary.de\/bandoneon\/index.php?rest_route=\/wp\/v2\/pages\/304"}],"collection":[{"href":"https:\/\/harmonicalibrary.de\/bandoneon\/index.php?rest_route=\/wp\/v2\/pages"}],"about":[{"href":"https:\/\/harmonicalibrary.de\/bandoneon\/index.php?rest_route=\/wp\/v2\/types\/page"}],"author":[{"embeddable":true,"href":"https:\/\/harmonicalibrary.de\/bandoneon\/index.php?rest_route=\/wp\/v2\/users\/1"}],"replies":[{"embeddable":true,"href":"https:\/\/harmonicalibrary.de\/bandoneon\/index.php?rest_route=%2Fwp%2Fv2%2Fcomments&post=304"}],"version-history":[{"count":55,"href":"https:\/\/harmonicalibrary.de\/bandoneon\/index.php?rest_route=\/wp\/v2\/pages\/304\/revisions"}],"predecessor-version":[{"id":1626,"href":"https:\/\/harmonicalibrary.de\/bandoneon\/index.php?rest_route=\/wp\/v2\/pages\/304\/revisions\/1626"}],"up":[{"embeddable":true,"href":"https:\/\/harmonicalibrary.de\/bandoneon\/index.php?rest_route=\/wp\/v2\/pages\/1211"}],"wp:attachment":[{"href":"https:\/\/harmonicalibrary.de\/bandoneon\/index.php?rest_route=%2Fwp%2Fv2%2Fmedia&parent=304"}],"curies":[{"name":"wp","href":"https:\/\/api.w.org\/{rel}","templated":true}]}}