{"id":1905,"date":"2017-08-25T16:09:35","date_gmt":"2017-08-25T14:09:35","guid":{"rendered":"https:\/\/harmonicalibrary.de\/bandoneon\/?page_id=1905"},"modified":"2018-11-30T10:11:18","modified_gmt":"2018-11-30T09:11:18","slug":"einfacher-walzer","status":"publish","type":"page","link":"https:\/\/harmonicalibrary.de\/bandoneon\/?page_id=1905","title":{"rendered":"Einfacher Walzer"},"content":{"rendered":"<div id=\"pl-1905\"  class=\"panel-layout\" ><div id=\"pg-1905-0\"  class=\"panel-grid panel-no-style\" ><div id=\"pgc-1905-0-0\"  class=\"panel-grid-cell\" ><div id=\"panel-1905-0-0-0\" class=\"so-panel widget widget_sow-headline panel-first-child panel-last-child\" data-index=\"0\" ><div\n\t\t\t\n\t\t\tclass=\"so-widget-sow-headline so-widget-sow-headline-default-eb58c90b4a68-1905\"\n\t\t\t\n\t\t><div class=\"sow-headline-container \">\n\t<h2 class='sow-headline'>Das St\u00fcck<\/h2>\t\t\t\t\t<div class=\"decoration\">\n\t\t\t\t\t\t<div class=\"decoration-inside\"><\/div>\n\t\t\t\t\t<\/div>\n\t\t\t\t\t<\/div><\/div><\/div><\/div><\/div><div id=\"pg-1905-1\"  class=\"panel-grid panel-no-style\" ><div id=\"pgc-1905-1-0\"  class=\"panel-grid-cell\" ><div id=\"panel-1905-1-0-0\" class=\"so-panel widget widget_sow-editor panel-first-child panel-last-child\" data-index=\"1\" ><div\n\t\t\t\n\t\t\tclass=\"so-widget-sow-editor so-widget-sow-editor-base\"\n\t\t\t\n\t\t>\n<div class=\"siteorigin-widget-tinymce textwidget\">\n\t<p>Dieser einfache Walzer ist das erste St\u00fcck aus der Bandonionschule von Otto Luther aus dem Jahr 1892. Es ist recht einfach zu spielen, da es auf jeder Seite nur vier Tasten nutzt, die auch noch alle nebeneinander liegen.<\/p>\n<figure id=\"attachment_2380\" aria-describedby=\"caption-attachment-2380\" style=\"width: 150px\" class=\"wp-caption alignleft\"><a href=\"https:\/\/harmonicalibrary.de\/bandoneon\/wp-content\/uploads\/2017\/12\/Einfacher_Walzer.pdf\" target=\"_blank\" rel=\"noopener\"><img loading=\"lazy\" class=\"wp-image-2380 size-thumbnail\" src=\"https:\/\/harmonicalibrary.de\/bandoneon\/wp-content\/uploads\/2018\/09\/Bildschirmfoto-2018-09-09-um-11.41.14-150x150.png\" alt=\"\" width=\"150\" height=\"150\" srcset=\"https:\/\/harmonicalibrary.de\/bandoneon\/wp-content\/uploads\/2018\/09\/Bildschirmfoto-2018-09-09-um-11.41.14-150x150.png 150w, https:\/\/harmonicalibrary.de\/bandoneon\/wp-content\/uploads\/2018\/09\/Bildschirmfoto-2018-09-09-um-11.41.14-300x300.png 300w, https:\/\/harmonicalibrary.de\/bandoneon\/wp-content\/uploads\/2018\/09\/Bildschirmfoto-2018-09-09-um-11.41.14-270x270.png 270w, https:\/\/harmonicalibrary.de\/bandoneon\/wp-content\/uploads\/2018\/09\/Bildschirmfoto-2018-09-09-um-11.41.14.png 640w\" sizes=\"(max-width: 150px) 100vw, 150px\" \/><\/a><figcaption id=\"caption-attachment-2380\" class=\"wp-caption-text\"><span style=\"color: black;\">Noten als PDF zum Herunterladen und Ausdrucken<\/span><\/figcaption><\/figure>\n<p>Die Tasten sind auf der linken Seite, der Bass-Seite und auch auf der rechten, der Diskant-Seite jeweils mit den Ziffern 1, 2, 3 und 4 bezeichnet. Alle diese\u00a0Tasten sind in der Kernzone des Bandoneons und auf jedem Bandoneon, egal welcher Gr\u00f6\u00dfe, vorhanden.<\/p>\n<p>In den folgenden Bildern sehen Sie die Anordnung dieser Tasten auf der Tastatur.<\/p>\n<\/div>\n<\/div><\/div><\/div><div id=\"pgc-1905-1-1\"  class=\"panel-grid-cell\" ><div id=\"panel-1905-1-1-0\" class=\"so-panel widget widget_sow-video panel-first-child panel-last-child\" data-index=\"2\" ><div\n\t\t\t\n\t\t\tclass=\"so-widget-sow-video so-widget-sow-video-base\"\n\t\t\t\n\t\t>\n<div class=\"sow-video-wrapper\">\n\t\t\t<iframe title=\"Einfacher Walzer\" width=\"640\" height=\"360\" src=\"https:\/\/www.youtube.com\/embed\/ibHnwWfToN4?feature=oembed\" frameborder=\"0\" allow=\"accelerometer; autoplay; clipboard-write; encrypted-media; gyroscope; picture-in-picture; web-share\" referrerpolicy=\"strict-origin-when-cross-origin\" allowfullscreen><\/iframe>\t<\/div>\n<\/div><\/div><\/div><\/div><div id=\"pg-1905-2\"  class=\"panel-grid panel-no-style\" ><div id=\"pgc-1905-2-0\"  class=\"panel-grid-cell\" ><div id=\"panel-1905-2-0-0\" class=\"so-panel widget widget_sow-headline panel-first-child panel-last-child\" data-index=\"3\" ><div\n\t\t\t\n\t\t\tclass=\"so-widget-sow-headline so-widget-sow-headline-default-eb58c90b4a68-1905\"\n\t\t\t\n\t\t><div class=\"sow-headline-container \">\n\t<h2 class='sow-headline'>Die Tasten<\/h2>\t\t\t\t\t<div class=\"decoration\">\n\t\t\t\t\t\t<div class=\"decoration-inside\"><\/div>\n\t\t\t\t\t<\/div>\n\t\t\t\t\t<\/div><\/div><\/div><\/div><\/div><div id=\"pg-1905-3\"  class=\"panel-grid panel-no-style\" ><div id=\"pgc-1905-3-0\"  class=\"panel-grid-cell\" ><div id=\"panel-1905-3-0-0\" class=\"so-panel widget widget_wpsm_tabs_r_widget_id panel-first-child panel-last-child\" data-index=\"4\">\t\t\t\t\t\t<style>\r\n\t\t\t\t\r\n\t\t\t\t\t#tab_container_2122 {\r\n\toverflow:hidden;\r\n\tdisplay:block;\r\n\twidth:100%;\r\n\tborder:0px solid #ddd;\r\n\tmargin-bottom:30px;\r\n\t}\r\n\r\n#tab_container_2122 .tab-content{\r\n\tpadding:20px;\r\n\tborder: 1px solid #e6e6e6 !important;\r\n\tmargin-top: 0px;\r\n\tbackground-color:#ffffff !important;\r\n\tcolor: #000000 !important;\r\n\tfont-size:16px !important;\r\n\tfont-family: Open Sans !important;\r\n\t\r\n\t\tborder: 1px solid #e6e6e6 !important;\r\n\t}\r\n#tab_container_2122 .wpsm_nav-tabs {\r\n    border-bottom: 0px solid #ddd;\r\n}\r\n#tab_container_2122 .wpsm_nav-tabs > li.active > a, #tab_container_2122 .wpsm_nav-tabs > li.active > a:hover, #tab_container_2122 .wpsm_nav-tabs > li.active > a:focus {\r\n\tcolor: #000000 !important;\r\n\tcursor: default;\r\n\tbackground-color: #ffffff !important;\r\n\tborder: 1px solid #e6e6e6 !important;\r\n}\r\n\r\n#tab_container_2122 .wpsm_nav-tabs > li > a {\r\n    margin-right: 0px !important; \r\n    line-height: 1.42857143 !important;\r\n    border: 1px solid #d5d5d5 !important;\r\n    border-radius: 0px 0px 0 0 !important; \r\n\tbackground-color: #e8e8e8 !important;\r\n\tcolor: #000000 !important;\r\n\tpadding: 15px 18px 15px 18px !important;\r\n\ttext-decoration: none !important;\r\n\tfont-size: 14px !important;\r\n\ttext-align:center !important;\r\n\tfont-family: Open Sans !important;\r\n}\r\n#tab_container_2122 .wpsm_nav-tabs > li > a:focus {\r\noutline: 0px !important;\r\n}\r\n\r\n#tab_container_2122 .wpsm_nav-tabs > li > a:before {\r\n\tdisplay:none !important;\r\n}\r\n#tab_container_2122 .wpsm_nav-tabs > li > a:after {\r\n\tdisplay:none !important ;\r\n}\r\n#tab_container_2122 .wpsm_nav-tabs > li{\r\npadding:0px !important ;\r\nmargin:0px;\r\n}\r\n\r\n#tab_container_2122 .wpsm_nav-tabs > li > a:hover , #tab_container_2122 .wpsm_nav-tabs > li > a:focus {\r\n    color: #000000 !important;\r\n    background-color: #e8e8e8 !important;\r\n\tborder: 1px solid #d5d5d5 !important;\r\n\t\r\n}\r\n#tab_container_2122 .wpsm_nav-tabs > li > a .fa{\r\n\r\nmargin-right:5px !important;\r\n\r\nmargin-left:5px !important;\r\n\r\n\r\n}\r\n\r\n\t\t#tab_container_2122 .wpsm_nav-tabs a{\r\n\t\t\tbackground-image: url(https:\/\/harmonicalibrary.de\/bandoneon\/wp-content\/plugins\/tabs-responsive\/assets\/images\/style-soft.png);\r\n\t\t\tbackground-position: 0 0;\r\n\t\t\tbackground-repeat: repeat-x;\r\n\t\t}\r\n\t\t\t\r\n\r\n\r\n#tab_container_2122 .wpsm_nav-tabs > li {\r\n    float: left;\r\n    margin-bottom: -1px !important;\r\n\tmargin-right:0px !important; \r\n}\r\n\r\n\r\n#tab_container_2122 .tab-content{\r\noverflow:hidden !important;\r\n}\r\n\r\n\r\n@media (min-width: 769px) {\r\n\r\n\t#tab_container_2122 .wpsm_nav-tabs > li{\r\n\t\tfloat:left !important ;\r\n\t\t\t\tmargin-right:-1px !important;\r\n\t\t\t\t\t}\r\n\t#tab_container_2122 .wpsm_nav-tabs{\r\n\t\tfloat:none !important;\r\n\t\tmargin:0px !important;\r\n\t}\r\n\r\n\t#tab_container_2122 .wpsm_nav-tabs > li {\r\n\t\t\t\t\r\n\t}\r\n\t#tab_container_2122 .wpsm_nav{\r\n\t\t\t}\r\n\r\n}\r\n\r\n\r\n\r\n@media (max-width: 768px) {\r\n\t#tab_container_2122 .wpsm_nav-tabs > li {\r\n\t\t\t\t\r\n\t}\r\n\t#tab_container_2122 .wpsm_nav{\r\n\t\t\t}\r\n}\r\n\r\n\r\n\t.wpsm_nav-tabs li:before{\r\n\t\tdisplay:none !important;\r\n\t}\r\n\r\n\t@media (max-width: 768px) {\r\n\t\t\t\t\r\n\t\t\t\t\t\r\n\t\t\t#tab_container_2122 .wpsm_nav-tabs  li  a  i{\r\n\t\t\t\tdisplay: none !important;\r\n\t\t\t}\r\n\t\t\t\r\n\t\t\t\t.wpsm_nav-tabs{\r\n\t\t\tmargin-left:0px !important;\r\n\t\t\tmargin-right:0px !important; \r\n\t\t\t\r\n\t\t}\r\n\t\t\t\t#tab_container_2122 .wpsm_nav-tabs > li{\r\n\t\t\tfloat:none !important;\r\n\t\t}\r\n\t\t\t\r\n\t}\t\t\t\t<\/style>\r\n\t\t\t\t<div id=\"tab_container_2122\" >\r\n\t \r\n\t\t\t\t\t<ul class=\"wpsm_nav wpsm_nav-tabs\" role=\"tablist\" id=\"myTab_2122\">\r\n\t\t\t\t\t\t\t\r\n\t\t\t\t\t\t\t<li role=\"presentation\"  class=\"active\"  onclick=\"do_resize()\">\r\n\t\t\t\t\t\t\t\t<a href=\"#tabs_desc_2122_1\" aria-controls=\"tabs_desc_2122_1\" role=\"tab\" data-toggle=\"tab\">\r\n\t\t\t\t\t\t\t\t\t\r\n\t\t\t\t\t\t\t\t\t\t\t\t\t\t\t\t\t\t\t\t\t\t\t\t\t\t\t\t\r\n\t\t\t\t\t\t\t\t\t\t\t\t\t\t\t\t\t\t\r\n\t\t\t\t\t\t\t\t\t<span>144-t\u00f6nig<\/span>\r\n\t\t\t\t\t\t\t\t\t\r\n\t\t\t\t\t\t\t\t\t\t\t\t\t\t\t\t\t\t\r\n\t\t\t\t\t\t\t\t\t\t\t\t\t\t\t\t\t\t\t\t\r\n\t\t\t\t\t\t\t\t\t\r\n\t\t\t\t\t\t\t\t<\/a>\r\n\t\t\t\t\t\t\t<\/li>\r\n\t\t\t\t\t\t\t\r\n\t\t\t\t\t\t\t<li role=\"presentation\"  onclick=\"do_resize()\">\r\n\t\t\t\t\t\t\t\t<a href=\"#tabs_desc_2122_2\" aria-controls=\"tabs_desc_2122_2\" role=\"tab\" data-toggle=\"tab\">\r\n\t\t\t\t\t\t\t\t\t\r\n\t\t\t\t\t\t\t\t\t\t\t\t\t\t\t\t\t\t\t\t\t\t\t\t\t\t\t\t\r\n\t\t\t\t\t\t\t\t\t\t\t\t\t\t\t\t\t\t\r\n\t\t\t\t\t\t\t\t\t<span>142-t\u00f6nig<\/span>\r\n\t\t\t\t\t\t\t\t\t\r\n\t\t\t\t\t\t\t\t\t\t\t\t\t\t\t\t\t\t\r\n\t\t\t\t\t\t\t\t\t\t\t\t\t\t\t\t\t\t\t\t\r\n\t\t\t\t\t\t\t\t\t\r\n\t\t\t\t\t\t\t\t<\/a>\r\n\t\t\t\t\t\t\t<\/li>\r\n\t\t\t\t\t\t\t\t\t\t\t <\/ul>\r\n\r\n\t\t\t\t\t  <!-- Tab panes -->\r\n\t\t\t\t\t  <div class=\"tab-content\" id=\"tab-content_2122\">\r\n\t\t\t\t\t\t\t\t\t\t\t\t <div role=\"tabpanel\" class=\"tab-pane  in active \" id=\"tabs_desc_2122_1\">\r\n\t\t\t\t\t\t\t\t<figure id=\"attachment_2131\" aria-describedby=\"caption-attachment-2131\" style=\"width: 300px\" class=\"wp-caption alignleft\"><img class=\"wp-image-2131 size-medium\" src=\"https:\/\/harmonicalibrary.de\/bandoneon\/wp-content\/uploads\/2017\/12\/IMG_9545-300x300.png\" alt=\"\" width=\"300\" height=\"300\" \/><figcaption id=\"caption-attachment-2131\" class=\"wp-caption-text\">Linke Seite auf Zug, Akkord D7<\/figcaption><\/figure>\r\n\r\n<figure id=\"attachment_2130\" aria-describedby=\"caption-attachment-2130\" style=\"width: 300px\" class=\"wp-caption alignleft\"><img class=\"wp-image-2130 size-medium\" src=\"https:\/\/harmonicalibrary.de\/bandoneon\/wp-content\/uploads\/2017\/12\/IMG_9544-300x300.png\" alt=\"\" width=\"300\" height=\"300\" \/><figcaption id=\"caption-attachment-2130\" class=\"wp-caption-text\">Rechte Seite auf Zug<\/figcaption><\/figure>\r\n\r\n<figure id=\"attachment_2132\" aria-describedby=\"caption-attachment-2132\" style=\"width: 300px\" class=\"wp-caption alignleft\"><img class=\"wp-image-2132 size-medium\" src=\"https:\/\/harmonicalibrary.de\/bandoneon\/wp-content\/uploads\/2017\/12\/IMG_9546-300x300.png\" alt=\"\" width=\"300\" height=\"300\" \/><figcaption id=\"caption-attachment-2132\" class=\"wp-caption-text\">Linke Seite auf Druck, Akkord G-Dur<\/figcaption><\/figure>\r\n\r\n<figure id=\"attachment_2129\" aria-describedby=\"caption-attachment-2129\" style=\"width: 300px\" class=\"wp-caption alignleft\"><img class=\"wp-image-2129 size-medium\" src=\"https:\/\/harmonicalibrary.de\/bandoneon\/wp-content\/uploads\/2017\/12\/IMG_9543-300x300.png\" alt=\"\" width=\"300\" height=\"300\" \/><figcaption id=\"caption-attachment-2129\" class=\"wp-caption-text\">Rechte Seite auf Druck<\/figcaption><\/figure>\t\t\t\t\t\t <\/div>\r\n\t\t\t\t\t\t\t\t\t\t\t\t <div role=\"tabpanel\" class=\"tab-pane \" id=\"tabs_desc_2122_2\">\r\n\t\t\t\t\t\t\t\t<figure id=\"attachment_2146\" aria-describedby=\"caption-attachment-2146\" style=\"width: 300px\" class=\"wp-caption alignleft\"><img class=\"wp-image-2146 size-medium\" src=\"https:\/\/harmonicalibrary.de\/bandoneon\/wp-content\/uploads\/2017\/12\/IMG_9547-300x300.png\" alt=\"\" width=\"300\" height=\"300\" \/><figcaption id=\"caption-attachment-2146\" class=\"wp-caption-text\">Linke Seite auf Zug, Akkord D7<\/figcaption><\/figure>\r\n\r\n<figure id=\"attachment_2143\" aria-describedby=\"caption-attachment-2143\" style=\"width: 300px\" class=\"wp-caption alignleft\"><img class=\"wp-image-2143 size-medium\" src=\"https:\/\/harmonicalibrary.de\/bandoneon\/wp-content\/uploads\/2017\/12\/IMG_9548-300x300.png\" alt=\"\" width=\"300\" height=\"300\" \/><figcaption id=\"caption-attachment-2143\" class=\"wp-caption-text\">Linke Seite auf Druck, Akkord G-Dur<\/figcaption><\/figure>\r\n\r\n<figure id=\"attachment_2144\" aria-describedby=\"caption-attachment-2144\" style=\"width: 300px\" class=\"wp-caption alignleft\"><img class=\"wp-image-2144 size-medium\" src=\"https:\/\/harmonicalibrary.de\/bandoneon\/wp-content\/uploads\/2017\/12\/IMG_9549-300x300.png\" alt=\"\" width=\"300\" height=\"300\" \/><figcaption id=\"caption-attachment-2144\" class=\"wp-caption-text\">Rechte Seite auf Zug<\/figcaption><\/figure>\r\n\r\n<figure id=\"attachment_2145\" aria-describedby=\"caption-attachment-2145\" style=\"width: 300px\" class=\"wp-caption alignleft\"><img class=\"wp-image-2145 size-medium\" src=\"https:\/\/harmonicalibrary.de\/bandoneon\/wp-content\/uploads\/2017\/12\/IMG_9551-300x300.png\" alt=\"\" width=\"300\" height=\"300\" \/><figcaption id=\"caption-attachment-2145\" class=\"wp-caption-text\">Rechte Seite auf Druck<\/figcaption><\/figure>\t\t\t\t\t\t <\/div>\r\n\t\t\t\t\t\t\t\r\n\t\t\t\t\t <\/div>\r\n\t\t\t\t\t \r\n\t\t\t\t <\/div>\r\n <script>\r\n\t\tjQuery(function () {\r\n\t\t\tjQuery('#myTab_2122 a:first').tab('show')\r\n\t\t});\r\n\t\t\r\n\t\t\t\tjQuery(function(){\r\n\t\t\tvar b=\"fadeIn\";\r\n\t\t\tvar c;\r\n\t\t\tvar a;\r\n\t\t\td(jQuery(\"#myTab_2122 a\"),jQuery(\"#tab-content_2122\"));function d(e,f,g){\r\n\t\t\t\te.click(function(i){\r\n\t\t\t\t\ti.preventDefault();\r\n\t\t\t\t\tjQuery(this).tab(\"show\");\r\n\t\t\t\t\tvar h=jQuery(this).data(\"easein\");\r\n\t\t\t\t\tif(c){c.removeClass(a);}\r\n\t\t\t\t\tif(h){f.find(\"div.active\").addClass(\"animated \"+h);a=h;}\r\n\t\t\t\t\telse{if(g){f.find(\"div.active\").addClass(\"animated \"+g);a=g;}else{f.find(\"div.active\").addClass(\"animated \"+b);a=b;}}c=f.find(\"div.active\");\r\n\t\t\t\t});\r\n\t\t\t}\r\n\t\t});\r\n\t\t\r\n\r\n\t\tfunction do_resize(){\r\n\r\n\t\t\tvar width=jQuery( '.tab-content .tab-pane iframe' ).width();\r\n\t\t\tvar height=jQuery( '.tab-content .tab-pane iframe' ).height();\r\n\r\n\t\t\tvar toggleSize = true;\r\n\t\t\tjQuery('iframe').animate({\r\n\t\t\t    width: toggleSize ? width : 640,\r\n\t\t\t    height: toggleSize ? height : 360\r\n\t\t\t  }, 250);\r\n\r\n\t\t\t  toggleSize = !toggleSize;\r\n\t\t}\r\n\r\n\r\n\t<\/script>\r\n\t\t\t\t\r\n\t\t\t<\/div><\/div><\/div><div id=\"pg-1905-4\"  class=\"panel-grid panel-no-style\" ><div id=\"pgc-1905-4-0\"  class=\"panel-grid-cell\" ><div id=\"panel-1905-4-0-0\" class=\"so-panel widget widget_sow-headline panel-first-child panel-last-child\" data-index=\"5\" ><div\n\t\t\t\n\t\t\tclass=\"so-widget-sow-headline so-widget-sow-headline-default-eb58c90b4a68-2122\"\n\t\t\t\n\t\t><div class=\"sow-headline-container \">\n\t<h2 class='sow-headline'>Einige grundlegende Informationen<\/h2>\t\t\t\t\t<div class=\"decoration\">\n\t\t\t\t\t\t<div class=\"decoration-inside\"><\/div>\n\t\t\t\t\t<\/div>\n\t\t\t\t\t<\/div><\/div><\/div><\/div><\/div><div id=\"pg-1905-5\"  class=\"panel-grid panel-no-style\" ><div id=\"pgc-1905-5-0\"  class=\"panel-grid-cell\" ><div id=\"panel-1905-5-0-0\" class=\"so-panel widget widget_sow-editor panel-first-child panel-last-child\" data-index=\"6\" ><div\n\t\t\t\n\t\t\tclass=\"so-widget-sow-editor so-widget-sow-editor-base\"\n\t\t\t\n\t\t>\n<div class=\"siteorigin-widget-tinymce textwidget\">\n\t<p>In diesem St\u00fcck gibt es eine klassische Trennung von Melodie auf der Diskant-Seite (also der rechten Seite) und Begleitung auf der Bass-Seite.<\/p>\n<p>F\u00fcr viele Anf\u00e4nger stellt die Koordination der linken und rechten Hand eine Schwierigkeit dar, die letztendlich nur durch \u00dcbung \u00fcberwunden werden kann.<\/p>\n<p>Es ist hilfreich, erst einmal die beiden Seiten getrennt voneinander zu \u00fcben, bis die Griffe \u00a0einigerma\u00dfen sicher sitzen und die Tasten gefunden werden.<\/p>\n<p>Auch ist es ratsam, am Anfang langsam zu \u00fcben. Wenn die Griffe sitzen kann allm\u00e4hlich das Tempo gesteigert werden. Ein gleichm\u00e4\u00dfiges Spielen ist viel wichtiger als ein schnelles Spielen!<\/p>\n<\/div>\n<\/div><\/div><\/div><\/div><div id=\"pg-1905-6\"  class=\"panel-grid panel-no-style\" ><div id=\"pgc-1905-6-0\"  class=\"panel-grid-cell\" ><div id=\"panel-1905-6-0-0\" class=\"so-panel widget widget_sow-headline panel-first-child panel-last-child\" data-index=\"7\" ><div\n\t\t\t\n\t\t\tclass=\"so-widget-sow-headline so-widget-sow-headline-default-eb58c90b4a68-2122\"\n\t\t\t\n\t\t><div class=\"sow-headline-container \">\n\t<h2 class='sow-headline'>Melodiespiel auf der Diskantseite<\/h2>\t\t\t\t\t<div class=\"decoration\">\n\t\t\t\t\t\t<div class=\"decoration-inside\"><\/div>\n\t\t\t\t\t<\/div>\n\t\t\t\t\t<\/div><\/div><\/div><\/div><\/div><div id=\"pg-1905-7\"  class=\"panel-grid panel-no-style\" ><div id=\"pgc-1905-7-0\"  class=\"panel-grid-cell\" ><div id=\"panel-1905-7-0-0\" class=\"so-panel widget widget_sow-editor panel-first-child panel-last-child\" data-index=\"8\" ><div\n\t\t\t\n\t\t\tclass=\"so-widget-sow-editor so-widget-sow-editor-base\"\n\t\t\t\n\t\t>\n<div class=\"siteorigin-widget-tinymce textwidget\">\n\t<p>Stecken Sie die rechte Hand so durch die Schlaufe, dass der Daumen au\u00dferhalb der Schlaufe auf dem Lufthebel zu liegen kommt. Den Zeigerfinger legen Sie auf die Taste 1, den Mittelfinger auf die Taste 2, den Ringfinger auf die Taste 3 und den kleinen Finger auf die Taste 4.<\/p>\n<p>Die Finger sollten m\u00f6glichst auf den Tasten bleiben, auch wenn eine andere Taste gedr\u00fcckt wird. Das ist nicht ganz einfach - der Impuls, die anderen Finger anzuheben, w\u00e4hrend man mit einem Finger eine Taste bet\u00e4tigt, ist recht gro\u00df. Wenn die Finger aber auf den Tasten liegen bleiben, dann ist die Orientierung wesentlich einfacher und die T\u00f6ne k\u00f6nnen schneller gespielt werden.<\/p>\n<p>&nbsp;<\/p>\n<p>&nbsp;<\/p>\n<\/div>\n<\/div><\/div><\/div><div id=\"pgc-1905-7-1\"  class=\"panel-grid-cell\" ><div id=\"panel-1905-7-1-0\" class=\"so-panel widget widget_sow-image panel-first-child panel-last-child\" data-index=\"9\" ><div\n\t\t\t\n\t\t\tclass=\"so-widget-sow-image so-widget-sow-image-default-d6014b76747a-2122\"\n\t\t\t\n\t\t>\n\n<div class=\"sow-image-container\">\n\t\t<img src=\"https:\/\/harmonicalibrary.de\/bandoneon\/wp-content\/uploads\/2018\/03\/IMG_1452.jpg\" width=\"2909\" height=\"2538\" srcset=\"https:\/\/harmonicalibrary.de\/bandoneon\/wp-content\/uploads\/2018\/03\/IMG_1452.jpg 2909w, https:\/\/harmonicalibrary.de\/bandoneon\/wp-content\/uploads\/2018\/03\/IMG_1452-300x262.jpg 300w, https:\/\/harmonicalibrary.de\/bandoneon\/wp-content\/uploads\/2018\/03\/IMG_1452-768x670.jpg 768w, https:\/\/harmonicalibrary.de\/bandoneon\/wp-content\/uploads\/2018\/03\/IMG_1452-1024x893.jpg 1024w, https:\/\/harmonicalibrary.de\/bandoneon\/wp-content\/uploads\/2018\/03\/IMG_1452-309x270.jpg 309w\" sizes=\"(max-width: 2909px) 100vw, 2909px\" alt=\"\" loading=\"lazy\" \t\tclass=\"so-widget-image\"\/>\n\t<\/div>\n\n<\/div><\/div><\/div><\/div><div id=\"pg-1905-8\"  class=\"panel-grid panel-no-style\" ><div id=\"pgc-1905-8-0\"  class=\"panel-grid-cell\" ><div id=\"panel-1905-8-0-0\" class=\"so-panel widget widget_sow-headline panel-first-child panel-last-child\" data-index=\"10\" ><div\n\t\t\t\n\t\t\tclass=\"so-widget-sow-headline so-widget-sow-headline-default-eb58c90b4a68-2122\"\n\t\t\t\n\t\t><div class=\"sow-headline-container \">\n\t<h2 class='sow-headline'>Begleitung auf der Bassseite<\/h2>\t\t\t\t\t<div class=\"decoration\">\n\t\t\t\t\t\t<div class=\"decoration-inside\"><\/div>\n\t\t\t\t\t<\/div>\n\t\t\t\t\t<\/div><\/div><\/div><\/div><\/div><div id=\"pg-1905-9\"  class=\"panel-grid panel-no-style\" ><div id=\"pgc-1905-9-0\"  class=\"panel-grid-cell\" ><div id=\"panel-1905-9-0-0\" class=\"so-panel widget widget_sow-editor panel-first-child panel-last-child\" data-index=\"11\" ><div\n\t\t\t\n\t\t\tclass=\"so-widget-sow-editor so-widget-sow-editor-base\"\n\t\t\t\n\t\t>\n<div class=\"siteorigin-widget-tinymce textwidget\">\n\t<p>Analog wie auf der rechten Seite stecken Sie die linke Hand so durch die Schlaufe, dass der Daumen au\u00dferhalb der Schlaufe zu liegen kommt. Idealerweise legen Sie den kleinen Finger auf die Taste 1 und die weiteren Finger entsprechend auf die Tasten 2 bis 4.<\/p>\n<p>Da beim Bandoneonspiel jeweils nur 4 Finger Verwendung finden, ist die Nutzung des kleinen Fingers auf jeder Seite sehr wichtig und man sollte diesen auch gleich verwenden.<\/p>\n<p>Ein Walzer ist ein 3\/4-Takt, d.h., dass jeder Takt aus drei Schl\u00e4gen besteht, wovon jeder durch 1\/4-Note dargestellt wird. In diesem St\u00fcck wird eine einfache Walzerbegleitung gespielt. Die tiefste Note klingt auf den ersten Schlag, die Akkord-Noten der Begleitung (ohne die tiefste Note) folgen auf den Schlag 2 und 3.<\/p>\n<p>&nbsp;<\/p>\n<p>&nbsp;<\/p>\n<p>&nbsp;<\/p>\n<\/div>\n<\/div><\/div><\/div><div id=\"pgc-1905-9-1\"  class=\"panel-grid-cell\" ><div id=\"panel-1905-9-1-0\" class=\"so-panel widget widget_sow-image panel-first-child panel-last-child\" data-index=\"12\" ><div\n\t\t\t\n\t\t\tclass=\"so-widget-sow-image so-widget-sow-image-default-d6014b76747a-2122\"\n\t\t\t\n\t\t>\n\n<div class=\"sow-image-container\">\n\t\t<img src=\"https:\/\/harmonicalibrary.de\/bandoneon\/wp-content\/uploads\/2017\/04\/IMG_5368-Kopie.jpg\" width=\"1024\" height=\"769\" srcset=\"https:\/\/harmonicalibrary.de\/bandoneon\/wp-content\/uploads\/2017\/04\/IMG_5368-Kopie.jpg 1024w, https:\/\/harmonicalibrary.de\/bandoneon\/wp-content\/uploads\/2017\/04\/IMG_5368-Kopie-300x225.jpg 300w, https:\/\/harmonicalibrary.de\/bandoneon\/wp-content\/uploads\/2017\/04\/IMG_5368-Kopie-768x577.jpg 768w, https:\/\/harmonicalibrary.de\/bandoneon\/wp-content\/uploads\/2017\/04\/IMG_5368-Kopie-360x270.jpg 360w\" sizes=\"(max-width: 1024px) 100vw, 1024px\" title=\"IMG_5368 Kopie\" alt=\"\" loading=\"lazy\" \t\tclass=\"so-widget-image\"\/>\n\t<\/div>\n\n<\/div><\/div><\/div><\/div><\/div>","protected":false},"excerpt":{"rendered":"<p>Dieser einfache Walzer ist das erste St\u00fcck aus der Bandonionschule von Otto Luther aus dem Jahr 1892. Es ist recht einfach zu spielen, da es auf jeder Seite nur vier Tasten nutzt, die auch noch alle nebeneinander liegen. Die Tasten sind auf der linken Seite, der Bass-Seite und auch auf der rechten, der Diskant-Seite jeweils &hellip; <\/p>\n<p class=\"read-more\"><a class=\"btn btn-default\" href=\"https:\/\/harmonicalibrary.de\/bandoneon\/?p=2122\"> Read More<span class=\"screen-reader-text\">  Read More<\/span><\/a><\/p>\n","protected":false},"author":2,"featured_media":0,"parent":2094,"menu_order":6,"comment_status":"closed","ping_status":"closed","template":"","meta":[],"aioseo_notices":[],"_links":{"self":[{"href":"https:\/\/harmonicalibrary.de\/bandoneon\/index.php?rest_route=\/wp\/v2\/pages\/1905"}],"collection":[{"href":"https:\/\/harmonicalibrary.de\/bandoneon\/index.php?rest_route=\/wp\/v2\/pages"}],"about":[{"href":"https:\/\/harmonicalibrary.de\/bandoneon\/index.php?rest_route=\/wp\/v2\/types\/page"}],"author":[{"embeddable":true,"href":"https:\/\/harmonicalibrary.de\/bandoneon\/index.php?rest_route=\/wp\/v2\/users\/2"}],"replies":[{"embeddable":true,"href":"https:\/\/harmonicalibrary.de\/bandoneon\/index.php?rest_route=%2Fwp%2Fv2%2Fcomments&post=1905"}],"version-history":[{"count":56,"href":"https:\/\/harmonicalibrary.de\/bandoneon\/index.php?rest_route=\/wp\/v2\/pages\/1905\/revisions"}],"predecessor-version":[{"id":2407,"href":"https:\/\/harmonicalibrary.de\/bandoneon\/index.php?rest_route=\/wp\/v2\/pages\/1905\/revisions\/2407"}],"up":[{"embeddable":true,"href":"https:\/\/harmonicalibrary.de\/bandoneon\/index.php?rest_route=\/wp\/v2\/pages\/2094"}],"wp:attachment":[{"href":"https:\/\/harmonicalibrary.de\/bandoneon\/index.php?rest_route=%2Fwp%2Fv2%2Fmedia&parent=1905"}],"curies":[{"name":"wp","href":"https:\/\/api.w.org\/{rel}","templated":true}]}}