{"id":1847,"date":"2017-08-17T15:15:18","date_gmt":"2017-08-17T13:15:18","guid":{"rendered":"https:\/\/harmonicalibrary.de\/bandoneon\/?page_id=1847"},"modified":"2017-11-11T16:00:32","modified_gmt":"2017-11-11T15:00:32","slug":"haltung-des-bandoneons","status":"publish","type":"page","link":"https:\/\/harmonicalibrary.de\/bandoneon\/?page_id=1847","title":{"rendered":"Haltung des Bandoneons"},"content":{"rendered":"<div id=\"pl-1847\"  class=\"panel-layout\" ><div id=\"pg-1847-0\"  class=\"panel-grid panel-no-style\" ><div id=\"pgc-1847-0-0\"  class=\"panel-grid-cell\" ><div id=\"panel-1847-0-0-0\" class=\"so-panel widget widget_sow-editor panel-first-child panel-last-child\" data-index=\"0\" ><div\n\t\t\t\n\t\t\tclass=\"so-widget-sow-editor so-widget-sow-editor-base\"\n\t\t\t\n\t\t>\n<div class=\"siteorigin-widget-tinymce textwidget\">\n\t<figure id=\"attachment_1853\" aria-describedby=\"caption-attachment-1853\" style=\"width: 202px\" class=\"wp-caption alignright\"><img loading=\"lazy\" class=\"wp-image-1853 size-medium\" src=\"https:\/\/harmonicalibrary.de\/bandoneon\/wp-content\/uploads\/2017\/08\/FullSizeRender-33-202x300.jpg\" alt=\"\" width=\"202\" height=\"300\" srcset=\"https:\/\/harmonicalibrary.de\/bandoneon\/wp-content\/uploads\/2017\/08\/FullSizeRender-33-202x300.jpg 202w, https:\/\/harmonicalibrary.de\/bandoneon\/wp-content\/uploads\/2017\/08\/FullSizeRender-33-768x1140.jpg 768w, https:\/\/harmonicalibrary.de\/bandoneon\/wp-content\/uploads\/2017\/08\/FullSizeRender-33-690x1024.jpg 690w, https:\/\/harmonicalibrary.de\/bandoneon\/wp-content\/uploads\/2017\/08\/FullSizeRender-33-182x270.jpg 182w, https:\/\/harmonicalibrary.de\/bandoneon\/wp-content\/uploads\/2017\/08\/FullSizeRender-33.jpg 1248w\" sizes=\"(max-width: 202px) 100vw, 202px\" \/><figcaption id=\"caption-attachment-1853\" class=\"wp-caption-text\"><span style=\"color: black;\">Je nach gespielter Musik kann man alternativ auch einen fr\u00f6hlichen Gesichtsausdruck machen.<\/span><\/figcaption><\/figure>\n<p>Das Bandoneon wird \u00fcberwiegend im Sitzen gespielt.<\/p>\n<p>Am einfachsten legt man es mit den Geh\u00e4useseiten auf die beiden Beine, so dass der Balg dazwischen frei beweglich ist. Beim \u00d6ffnen und Schlie\u00dfen des Balgs bewegen sich die Beine entsprechend mit.<\/p>\n<p>Hierzu ist es wichtig, dass man so auf einem Stuhl sitzen kann, dass die beiden F\u00fc\u00dfe fest auf dem Boden stehen und die Oberschenkel waagerecht sind. Unter Umst\u00e4nden sollte man sich einen passenden Hocker besorgen.<\/p>\n<p>Fr\u00fcher wurde das Instrument nicht flach auf die Beine gelegt, sondern auf einer Ecke abgestellt. Dies bewirkt in der Tat eine bessere Haltung des Spielers, wie in den beiden Vergleichsbildern zu sehen ist. F\u00fcr das Spielen von Tango-Musik ist die Haltung jedoch ungeeignet. Ein typischer Klang beim Tango ist das Staccato der Bandoneons, wobei das Instrument \u00fcber ein Bein ruckartig ge\u00f6ffnet wird. Dies ist nur bei flacher Haltung m\u00f6glich.<\/p>\n<p><img loading=\"lazy\" class=\"aligncenter wp-image-1858 size-large\" src=\"https:\/\/harmonicalibrary.de\/bandoneon\/wp-content\/uploads\/2017\/08\/Bando_Haltung_normal-1024x894.jpg\" alt=\"\" width=\"640\" height=\"559\" srcset=\"https:\/\/harmonicalibrary.de\/bandoneon\/wp-content\/uploads\/2017\/08\/Bando_Haltung_normal-1024x894.jpg 1024w, https:\/\/harmonicalibrary.de\/bandoneon\/wp-content\/uploads\/2017\/08\/Bando_Haltung_normal-300x262.jpg 300w, https:\/\/harmonicalibrary.de\/bandoneon\/wp-content\/uploads\/2017\/08\/Bando_Haltung_normal-768x671.jpg 768w, https:\/\/harmonicalibrary.de\/bandoneon\/wp-content\/uploads\/2017\/08\/Bando_Haltung_normal-309x270.jpg 309w\" sizes=\"(max-width: 640px) 100vw, 640px\" \/><\/p>\n<p>Die H\u00e4nde werden so durch die Handriemen gesteckt, dass der Daumen au\u00dferhalb bleibt. Er ist mit daf\u00fcr verantwortlich, dass das Instrument sicher gehandhabt wird. Auf der rechten Seite, der Diskant-Seite, wird mit dem Daumen auch die Luftklappe ge\u00f6ffnet.<\/p>\n<p>Die Handriemen m\u00fcssen so eingestellt sein, dass man das Instrument sicher h\u00e4lt und gleichzeitig mit den H\u00e4nden den Spielraum hat, um alle Tasten bequem zu erreichen. Der Handriemen sollte so eingestellt sein, dass bei durchgesteckter Hand noch ein Finger zwischen Handr\u00fccken und Riemen passt.<\/p>\n<p>Meist werden Anf\u00e4nger den Riemen etwas enger stellen und sp\u00e4ter merken, dass sie manche Tasten nicht erreichen. Dann muss der Riemen weiter gestellt werden.<\/p>\n<\/div>\n<\/div><\/div><\/div><\/div><div id=\"pg-1847-1\"  class=\"panel-grid panel-no-style\" ><div id=\"pgc-1847-1-0\"  class=\"panel-grid-cell\" ><div id=\"panel-1847-1-0-0\" class=\"so-panel widget widget_sow-headline panel-first-child panel-last-child\" data-index=\"1\" ><div\n\t\t\t\n\t\t\tclass=\"so-widget-sow-headline so-widget-sow-headline-default-eb58c90b4a68-1847\"\n\t\t\t\n\t\t><div class=\"sow-headline-container \">\n\t<h2 class='sow-headline'>\t\t\t\t\t\t<a href=\"https:\/\/harmonicalibrary.de\/bandoneon\/?page_id=1404\" >\n\t\t\t\t\tWeiter zu: Musikalische Grundkenntnisse<\/a><\/h2>\t\t\t\t\t<div class=\"decoration\">\n\t\t\t\t\t\t<div class=\"decoration-inside\"><\/div>\n\t\t\t\t\t<\/div>\n\t\t\t\t\t<\/div><\/div><\/div><\/div><\/div><\/div>","protected":false},"excerpt":{"rendered":"<p>Das Bandoneon wird \u00fcberwiegend im Sitzen gespielt. Am einfachsten legt man es mit den Geh\u00e4useseiten auf die beiden Beine, so dass der Balg dazwischen frei beweglich ist. Beim \u00d6ffnen und Schlie\u00dfen des Balgs bewegen sich die Beine entsprechend mit. Hierzu ist es wichtig, dass man so auf einem Stuhl sitzen kann, dass die beiden F\u00fc\u00dfe &hellip; <\/p>\n<p class=\"read-more\"><a class=\"btn btn-default\" href=\"https:\/\/harmonicalibrary.de\/bandoneon\/?page_id=1847\"> Read More<span class=\"screen-reader-text\">  Read More<\/span><\/a><\/p>\n","protected":false},"author":2,"featured_media":0,"parent":11,"menu_order":2,"comment_status":"closed","ping_status":"closed","template":"","meta":[],"aioseo_notices":[],"_links":{"self":[{"href":"https:\/\/harmonicalibrary.de\/bandoneon\/index.php?rest_route=\/wp\/v2\/pages\/1847"}],"collection":[{"href":"https:\/\/harmonicalibrary.de\/bandoneon\/index.php?rest_route=\/wp\/v2\/pages"}],"about":[{"href":"https:\/\/harmonicalibrary.de\/bandoneon\/index.php?rest_route=\/wp\/v2\/types\/page"}],"author":[{"embeddable":true,"href":"https:\/\/harmonicalibrary.de\/bandoneon\/index.php?rest_route=\/wp\/v2\/users\/2"}],"replies":[{"embeddable":true,"href":"https:\/\/harmonicalibrary.de\/bandoneon\/index.php?rest_route=%2Fwp%2Fv2%2Fcomments&post=1847"}],"version-history":[{"count":24,"href":"https:\/\/harmonicalibrary.de\/bandoneon\/index.php?rest_route=\/wp\/v2\/pages\/1847\/revisions"}],"predecessor-version":[{"id":2081,"href":"https:\/\/harmonicalibrary.de\/bandoneon\/index.php?rest_route=\/wp\/v2\/pages\/1847\/revisions\/2081"}],"up":[{"embeddable":true,"href":"https:\/\/harmonicalibrary.de\/bandoneon\/index.php?rest_route=\/wp\/v2\/pages\/11"}],"wp:attachment":[{"href":"https:\/\/harmonicalibrary.de\/bandoneon\/index.php?rest_route=%2Fwp%2Fv2%2Fmedia&parent=1847"}],"curies":[{"name":"wp","href":"https:\/\/api.w.org\/{rel}","templated":true}]}}